4. Suppose -f = -0*s - 3*s. Calculate the remainder when 11 is divided by s.
3
Let p(h) = 2*h**2 - 9*h + 6. Calculate the remainder when 47 is divided by p(6).
23
Suppose 0 = t + 2*r + 6, -4*t + 2*r - 6 = t. Let q(o) = 20*o**2 + o. What is the remainder when q(t) is divided by 20?
18
Let c(f) = 2*f**2 + f - 12. What is the remainder when c(4) is divided by 3?
0
Calculate the remainder when 42 is divided by -3 - 2*-3 - -12.
12
What is the remainder when 97 is divided by 3/(4/((-176)/(-12)))?
9
Suppose -2*s + 3*s + 4*h = 19, -2*s + 26 = 5*h. Suppose 0 = -s*c - c - 24. Let d = c - -9. Calculate the remainder when 7 is divided by d.
1
Suppose -5*x = -10*x - 10. Calculate the remainder when (-1 - x)/(1/12) is divided by 7.
5
Let q = 14 + 5. Let z = 35 - q. What is the remainder when z is divided by -3 - 12*(-2 - -1)?
7
Let v = -7 + 11. Calculate the remainder when 4/(1*v/66) is divided by 23.
20
Suppose -l + 91 = 3*q, -4*q = -0*q + 16. Suppose l - 28 = 4*w - 5*f, 3*w = -2*f + 39. What is the remainder when 28 is divided by w?
13
Let n(h) = h**2 + 122. Let s be n(0). Let z = 171 - s. Calculate the remainder when z is divided by 17.
15
Let j = 42 - 25. Suppose -j = -2*f + w + 2, f - 2*w - 14 = 0. What is the remainder when 30 is divided by f?
6
Let p = 36 - 55. Let m = -10 - p. What is the remainder when 35 is divided by m?
8
Let k(j) = -j**3 + 6*j**2 + 2. Let s be k(6). Suppose s*l + 97 + 83 = 4*c, -l + 174 = 4*c. Calculate the remainder when c is divided by (0 + 2)*(-60)/(-8).
14
Suppose 3*k + 2*s - 121 = 0, 2*k - s - 98 = 2*s. What is the remainder when k is divided by 22?
21
Calculate the remainder when 565/7 - 4/(-14) is divided by 23.
12
Suppose 0 = k + 5, -2*h - 2*h - 4*k - 12 = 0. Suppose -5*d - 1 - 8 = -h*u, u - 3*d - 4 = 0. Calculate the remainder when 13 is divided by u.
6
Suppose 0 = -5*v + 80 + 10. Let b be v*(0 - 3/(-3)). Let i = b - 4. Calculate the remainder when 40 is divided by i.
12
Suppose 0*i = -i + 3. What is the remainder when 1/((-258)/87 + i) is divided by 16?
13
Suppose -h + 2 = 0, -34 = -2*y - 3*h + 62. Calculate the remainder when y is divided by 16.
13
Calculate the remainder when 91 + (5 - 5 - (2 - -1)) is divided by 15.
13
Let i(u) be the first derivative of -u**3/3 - 3*u**2/2 + 3*u + 3. Let x be i(-3). Let z = 24 + x. Calculate the remainder when z is divided by 14.
13
Let o = -13 - -10. Let z(j) = 4*j**2 + j - 7. What is the remainder when z(o) is divided by 14?
12
Suppose 4*b = 8, -b + 0*b - 158 = -5*v. Suppose 5*g - v = -4*k, 0 = g - 2*k - 2 + 4. What is the remainder when 10 is divided by g?
2
Let j(o) = o**2 + 18. Let v be 0/(-2)*(-2)/2. What is the remainder when 35 is divided by j(v)?
17
Let n be (-14)/(-3)*(2 - -1). What is the remainder when 20 is divided by (-1)/(-2 + 26/n)?
6
Suppose -5 = -a - 0*a, -4*t = 2*a - 46. Calculate the remainder when 132 is divided by t.
6
Let i(r) = r + 7. Let q(j) = 5*j - 3. Let x be q(2). Let u be i(x). Suppose 0 = 4*n + u - 42. What is the remainder when 27 is divided by n?
6
Let a(p) be the first derivative of p**2/2 - p + 1. Let z be a(5). Suppose 0 = z*i + 24 - 132. Calculate the remainder when i is divided by 14.
13
Let o be 8/(-14) + (-15)/35. Let c(t) = -t**2 - 9*t - 1. Calculate the remainder when c(-6) is divided by o/2 + (-95)/(-10).
8
Suppose 5*h = -2*r + 4*r - 16, -2*r - 4*h = -16. Suppose 5*s - 4 = 2*l, -2*l + 6*l - 5*s = -8. Calculate the remainder when (-21)/(l + 3/6) is divided by r.
6
Suppose -z - 4*z = -220. What is the remainder when z is divided by (-455)/(-20) - 2/(-8)?
21
Suppose 5*c = 8*c - 21. What is the remainder when 27 is divided by c?
6
What is the remainder when 73 is divided by 11*2 - ((-3 - -2) + -2)?
23
Calculate the remainder when (5/10)/((3/(-46))/(-3)) is divided by 13.
10
Let v = -30 + 51. What is the remainder when 39 is divided by v?
18
Suppose 32 = 2*x + 3*j, 5*j + 20 = -0. Calculate the remainder when 108 is divided by x.
20
Suppose 9*u - 342 = -0*u. What is the remainder when u is divided by 6?
2
Let s(q) = -q**3 - 2*q**2 + 2*q + 3. What is the remainder when 9 is divided by s(-3)?
3
Let c(l) be the third derivative of l**4/24 - 2*l**3/3 - l**2. Calculate the remainder when c(11) is divided by 4.
3
Calculate the remainder when (-20)/30 + 161/3 is divided by 14.
11
Suppose -2*l + 0 + 20 = 0. Let v = 52 + -35. What is the remainder when v is divided by l?
7
Let c be 4/(-6) + (-1473)/(-9). Let d = -112 + c. Suppose -4*m + 5*m - 5*k = -7, -32 = -4*m + 5*k. Calculate the remainder when d is divided by m.
12
Let z(c) = 15*c - 10. Let r(q) = -5*q + 3. Let x(t) = -7*r(t) - 2*z(t). Let d be x(2). Suppose -d = -y + 2. Calculate the remainder when y is divided by 4.
3
Suppose -2*g + 4 = -38. Calculate the remainder when 39 is divided by g.
18
Let n = -4 + 17. What is the remainder when 49 is divided by n?
10
Suppose 10*k - 3*k = 266. What is the remainder when 303 is divided by k?
37
What is the remainder when (8 + -6)*(-218)/(-4) is divided by 22?
21
Let d = -5 + 21. What is the remainder when 46 is divided by d?
14
Suppose 57*i - 59*i = -52. Let w = 18 - -31. What is the remainder when w is divided by i?
23
Suppose -6*f = -3*f - 18. Calculate the remainder when f is divided by 2.
0
What is the remainder when 25 is divided by 348/28 + 8/14?
12
Let v(n) = -2*n**3 + n**2 + 9. What is the remainder when v(-3) is divided by 26?
20
Let v(r) = r**2 + 5*r + 9. What is the remainder when 174 is divided by v(-10)?
56
Let w be (11/4)/(1/12). Suppose -5*d - 4*j + 44 = 0, 2*j - w = -4*d + j. Let c = 4 - -10. What is the remainder when c is divided by d?
6
Let y be 3 - 17*(0 - 3). Suppose -2*g - 2*a - a + 47 = 0, -a - y = -3*g. Suppose 2*b - 22 = 52. What is the remainder when b is divided by g?
18
Let d(o) = -o**2 - 11*o - 12. Suppose 48 = -4*h - 2*h. What is the remainder when 45 is divided by d(h)?
9
Suppose 14 = -3*f + 164. What is the remainder when f is divided by 13?
11
What is the remainder when (-2)/5 - (-860)/25 is divided by 15?
4
Suppose -2*q = q + 39. Let i = q + 22. Suppose 2*z + 3*a - 38 = 0, 8*z + 4*a - 84 = 4*z. Calculate the remainder when z is divided by i.
7
Let u(h) = h - 3. Let b be u(7). Suppose 2*f = -0*f + 76. What is the remainder when f is divided by (-82)/(-6) - b/6?
12
Let l(u) = -u**3 - 5*u**2 - 3*u - 5. Let m(z) = -4*z + 4. Let w be m(4). Let p = w + 18. Calculate the remainder when l(-5) is divided by p.
4
Let p be ((-22)/(-8))/(8/96). Suppose -2*t + 4*w = 3*t - 121, -t + 3*w = -p. Suppose -123 = -3*k - 0*k. What is the remainder when k is divided by t?
20
Suppose 3*u = -0*u + 93. What is the remainder when u is divided by 8?
7
Let u(w) = 5*w**2 - 3*w**2 - w**2 + 16. Let b be u(0). Let k = b - 4. What is the remainder when 34 is divided by k?
10
Let j(u) = 2*u + 1. Let k be j(2). Suppose k*m - m - 104 = 0. Calculate the remainder when m is divided by 8.
2
Suppose -17*d + 24*d = 259. Let a be (-2)/(-6) - (-42)/9. Suppose 0 = -3*o + 4*k + 31, o + k - a = 10. Calculate the remainder when d is divided by o.
11
Let i(t) = t**2 - 3*t - 4. Let g be i(5). Suppose 2*p + 2 = g. Suppose 3*n - 2 = 2*b + 3, 2*b = -5*n + 35. Calculate the remainder when n is divided by p.
1
Suppose t + t - q = -22, 0 = -3*t + 4*q - 38. Let g = -8 - t. Suppose g*u - 15 = -1. Calculate the remainder when 25 is divided by u.
4
Suppose -8 = -2*l + 4*l. Let y(m) = m**2 - 11*m + 10. Let n be y(9). Calculate the remainder when 7 is divided by (-13)/l + 2/n.
1
Let f(m) = 2*m**2 + 2*m. Let z(o) = 2*o - 4. Let h be z(5). Suppose -h = -p + 3*p. Calculate the remainder when f(p) is divided by 5.
2
Let u = 0 + 3. Let q be 1/(2 + -3 + 2). Let g = 3 - q. What is the remainder when u is divided by g?
1
Let g(h) = -3*h**3 - h**2 - h. Let c be g(-1). Suppose -6*k - 5*r - 14 = -7*k, 0 = 5*k + c*r - 14. Calculate the remainder when k is divided by 2.
0
Suppose -5*p - 80 = -9*p. Calculate the remainder when p is divided by -1 + 1 - 14/(-2).
6
Let o(c) = 2*c**2 - 2*c + 4. Calculate the remainder when 24 is divided by o(3).
8
Let y(i) = -2*i + 1. Let v be 4/(-24) - 10/12. Let n be y(v). Suppose 0 = -n*h + 5*h - 28. Calculate the remainder when 39 is divided by h.
11
Let c(a) = 4*a - 4. Calculate the remainder when 11 is divided by c(3).
3
Let x(d) = -2*d - 26. Calculate the re